t of 1420795923?
2
What is the ten thousands digit of 381862396?
6
What is the thousands digit of 295474601?
4
What is the ten thousands digit of 2881139021?
3
What is the ten thousands digit of 34328524?
2
What is the hundred millions digit of 820223199?
8
What is the ten thousands digit of 5326742090?
4
What is the ten thousands digit of 5480569?
8
What is the ten millions digit of 26238405?
2
What is the thousands digit of 1701749925?
9
What is the hundred thousands digit of 460202148?
2
What is the ten millions digit of 1934470078?
3
What is the hundred thousands digit of 422949818?
9
What is the hundreds digit of 174713337?
3
What is the thousands digit of 13720623?
0
What is the tens digit of 28821370?
7
What is the ten thousands digit of 479257576?
5
What is the units digit of 813777672?
2
What is the ten millions digit of 43270457?
4
What is the hundred thousands digit of 136887919?
8
What is the millions digit of 311446266?
1
What is the millions digit of 11436295?
1
What is the millions digit of 2457536787?
7
What is the thousands digit of 68555332?
5
What is the ten millions digit of 1172122790?
7
What is the millions digit of 2262985806?
2
What is the ten millions digit of 127252069?
2
What is the hundreds digit of 232993446?
4
What is the tens digit of 1166233480?
8
What is the tens digit of 46705037?
3
What is the ten millions digit of 91929492?
9
What is the millions digit of 5148258519?
8
What is the hundred millions digit of 2487938583?
4
What is the thousands digit of 1597259074?
9
What is the ten millions digit of 27547467?
2
What is the hundred thousands digit of 244198057?
1
What is the millions digit of 36385946?
6
What is the hundred thousands digit of 101801241?
8
What is the hundred millions digit of 396384813?
3
What is the hundred millions digit of 212030196?
2
What is the ten millions digit of 2892488326?
9
What is the hundred millions digit of 161980855?
1
What is the ten millions digit of 1482879688?
8
What is the billions digit of 4013228673?
4
What is the hundred thousands digit of 30664829?
6
What is the units digit of 2083590421?
1
What is the hundreds digit of 1117448720?
7
What is the ten thousands digit of 86418654?
1
What is the millions digit of 18262971?
8
What is the units digit of 46401438?
8
What is the thousands digit of 1228814086?
4
What is the hundreds digit of 275817541?
5
What is the ten millions digit of 61994477?
6
What is the hundreds digit of 808145129?
1
What is the hundred thousands digit of 640676260?
6
What is the units digit of 617790942?
2
What is the millions digit of 231619258?
1
What is the hundreds digit of 447169234?
2
What is the millions digit of 233655773?
3
What is the units digit of 1026897443?
3
What is the hundreds digit of 553361188?
1
What is the hundred thousands digit of 306248219?
2
What is the ten millions digit of 73258016?
7
What is the ten thousands digit of 1169987570?
8
What is the hundreds digit of 1830427935?
9
What is the units digit of 390643157?
7
What is the hundreds digit of 115075014?
0
What is the units digit of 3640396594?
4
What is the thousands digit of 362562164?
2
What is the hundred thousands digit of 24732121?
7
What is the hundreds digit of 1497412511?
5
What is the ten thousands digit of 2939333519?
3
What is the hundred thousands digit of 6208967186?
9
What is the tens digit of 371668441?
4
What is the tens digit of 202718022?
2
What is the ten millions digit of 10058495?
1
What is the tens digit of 2391157335?
3
What is the hundred millions digit of 5482523157?
4
What is the hundreds digit of 147604218?
2
What is the hundred thousands digit of 220837157?
8
What is the hundreds digit of 39145762?
7
What is the units digit of 10794208?
8
What is the units digit of 68445682?
2
What is the tens digit of 131212563?
6
What is the thousands digit of 3420504737?
4
What is the ten millions digit of 3062204432?
6
What is the hundred thousands digit of 86468513?
4
What is the thousands digit of 13282353?
2
What is the ten thousands digit of 25782151?
8
What is the ten thousands digit of 1529242438?
4
What is the hundred thousands digit of 737030205?
0
What is the hundred millions digit of 1252885559?
2
What is the hundred millions digit of 513562727?
5
What is the ten thousands digit of 155034725?
3
What is the units digit of 132990606?
6
What is the billions digit of 7066352121?
7
What is the millions digit of 19840156?
9
What is the thousands digit of 5661552636?
2
What is the ten thousands digit of 3664636602?
3
What is the tens digit of 197870637?
3
What is the hundreds digit of 210908053?
0
What is the hundred thousands digit of 806766837?
7
What is the hundred thousands digit of 136344772?
3
What is the ten thousands digit of 669889577?
8
What is the hundreds digit of 774070779?
7
What is the millions digit of 39277309?
9
What is the millions digit of 11209975?
1
What is the hundreds digit of 368656490?
4
What is the millions digit of 19824492?
9
What is the billions digit of 1107236783?
1
What is the millions digit of 203911507?
3
What is the ten thousands digit of 783937351?
3
What is the units digit of 283149853?
3
What is the units digit of 2483849636?
6
What is the ten thousands digit of 2247969793?
6
What is the hundred thousands digit of 422300083?
3
What is the ten thousands digit of 188607987?
0
What is the ten thousands digit of 6788169833?
6
What is the ten thousands digit of 1376354570?
5
What is the hundred thousands digit of 951234771?
2
What is the thousands digit of 55069922?
9
What is the hundreds digit of 2476142820?
8
What is the thousands digit of 7345863268?
3
What is the tens digit of 18357203?
0
What is the thousands digit of 79502163?
2
What is the ten thousands digit of 21874217?
7
What is the hundreds digit of 246876222?
2
What is the ten thousands digit of 202865747?
6
What is the ten millions digit of 56353135?
5
What is the tens digit of 7023368?
6
What is the tens digit of 381049415?
1
What is the ten thousands digit of 111587016?
8
What is the units digit of 6212494746?
6
What is the ten millions digit of 221120268?
2
What is the millions digit of 116581254?
6
What is the hundreds digit of 340040954?
9
What is the units digit of 231178897?
7
What is the hundred millions digit of 616938065?
6
What is the millions digit of 60001897?
0
What is the thousands digit of 9730666?
0
What is the billions digit of 2292975149?
2
What is the thousands digit of 87563711?
3
What is the hundred thousands digit of 3372527246?
5
What is the hundreds digit of 2745404736?
7
What is the thousands digit of 112735071?
5
What is the hundreds digit of 218075556?
5
What is the hundred millions digit of 2447336229?
4
What is the hundred millions digit of 344863870?
3
What is the tens digit of 84951210?
1
What is the hundreds digit of 66127420?
4
What is the units digit of 134806581?
1
What is the millions digit of 51454025?
1
What is the millions digit of 72496090?
2
What is the thousands digit of 4177600001?
0
What is the hundred millions digit of 244687556?
2
What is the units digit of 986588413?
3
What is the hundred thousands digit of 19811327?
8
What is the millions digit of 83397413?
3
What is the millions digit of 140979305?
0
What is the units digit of 1070595392?
2
What is the tens digit of 139546828?
2
What is the units digit of 725053789?
9
What is the thousands digit of 427345536?
5
What is the hundreds digit of 40009827?
8
What is the hundred millions digit of 186707262?
1
What is the hundred millions digit of 380090630?
3
What is the billions digit of 1383370113?
1
What is the hundred thousands digit of 37455078?
4
What is the hundred millions digit of 652254959?
6
What is the ten thousands digit of 113416099?
1
What is the billions digit of 2193412528?
2
What is the hundred thousands digit of 4584593140?
5
What is the billions digit of 5725890704?
5
What is the ten thousands digit of 2143162202?
6
What is the ten thousands digit of 16029506?
2
What is the tens digit of 134697160?
6
What is the millions digit of 5157515453?
7
What is the ten millions digit of 3835151591?
3
What is the hundred thousands digit of 1121401825?
4
What is the hundred thousands digit of 1771351007?
3
What is the hundred thousands digit of 99972526?
